{"id":266,"date":"2017-09-13T13:31:36","date_gmt":"2017-09-13T11:31:36","guid":{"rendered":"http:\/\/andalusgp.com\/?page_id=266\/"},"modified":"2017-10-04T09:33:41","modified_gmt":"2017-10-04T07:33:41","slug":"sandias-y-melones","status":"publish","type":"page","link":"http:\/\/www.andalusgp.com\/es\/productos\/sandias-y-melones\/","title":{"rendered":"Sandias y melones"},"content":{"rendered":"<p>[et_pb_section bb_built=\u00bb1&#8243; fullwidth=\u00bboff\u00bb specialty=\u00bboff\u00bb][et_pb_row background_position=\u00bbtop_left\u00bb background_repeat=\u00bbrepeat\u00bb background_size=\u00bbinitial\u00bb][et_pb_column type=\u00bb4_4&#8243;][et_pb_text _builder_version=\u00bb3.0.75&#8243; background_layout=\u00bbdark\u00bb border_style=\u00bbsolid\u00bb background_color=\u00bb#e8902f\u00bb custom_padding=\u00bb15px|15px|15px|15px\u00bb text_font=\u00bb|on|||\u00bb text_font_size=\u00bb18&#8243; module_alignment=\u00bbleft\u00bb]<\/p>\n<p>Calendario de producci\u00f3n de Sandias Negras<\/p>\n<p>[\/et_pb_text][\/et_pb_column][\/et_pb_row][et_pb_row background_position=\u00bbtop_left\u00bb background_repeat=\u00bbrepeat\u00bb background_size=\u00bbinitial\u00bb][et_pb_column type=\u00bb1_3&#8243;][et_pb_image admin_label=\u00bbSandia negra\u00bb _builder_version=\u00bb3.0.75&#8243; src=\u00bbhttp:\/\/andalusgp.com\/wp-content\/uploads\/2017\/09\/productos-sandia-negra.jpg\u00bb show_in_lightbox=\u00bboff\u00bb url_new_window=\u00bboff\u00bb use_overlay=\u00bboff\u00bb sticky=\u00bboff\u00bb align=\u00bbleft\u00bb always_center_on_mobile=\u00bbon\u00bb border_style=\u00bbsolid\u00bb force_fullwidth=\u00bboff\u00bb show_bottom_space=\u00bbon\u00bb \/][\/et_pb_column][et_pb_column type=\u00bb2_3&#8243;][et_pb_divider _builder_version=\u00bb3.0.73&#8243; divider_style=\u00bbsolid\u00bb divider_position=\u00bbtop\u00bb height=\u00bb150&#8243; hide_on_mobile=\u00bbon\u00bb disabled=\u00bboff\u00bb disabled_on=\u00bbon|on|\u00bb \/][et_pb_image _builder_version=\u00bb3.0.75&#8243; src=\u00bbhttp:\/\/andalusgp.com\/wp-content\/uploads\/2017\/09\/calendario-produccion-sandia-negra.png\u00bb show_in_lightbox=\u00bboff\u00bb url_new_window=\u00bboff\u00bb use_overlay=\u00bboff\u00bb sticky=\u00bboff\u00bb align=\u00bbcenter\u00bb always_center_on_mobile=\u00bbon\u00bb border_style=\u00bbsolid\u00bb force_fullwidth=\u00bboff\u00bb show_bottom_space=\u00bbon\u00bb \/][\/et_pb_column][\/et_pb_row][et_pb_row background_position=\u00bbtop_left\u00bb background_repeat=\u00bbrepeat\u00bb background_size=\u00bbinitial\u00bb][et_pb_column type=\u00bb4_4&#8243;][et_pb_divider _builder_version=\u00bb3.0.75&#8243; show_divider=\u00bbon\u00bb color=\u00bb#f3f3f3&#8243; divider_style=\u00bbsolid\u00bb divider_position=\u00bbtop\u00bb hide_on_mobile=\u00bbon\u00bb disabled_on=\u00bboff|off|off\u00bb disabled=\u00bboff\u00bb \/][\/et_pb_column][\/et_pb_row][et_pb_row background_position=\u00bbtop_left\u00bb background_repeat=\u00bbrepeat\u00bb background_size=\u00bbinitial\u00bb][et_pb_column type=\u00bb4_4&#8243;][et_pb_text _builder_version=\u00bb3.0.75&#8243; background_layout=\u00bbdark\u00bb border_style=\u00bbsolid\u00bb background_color=\u00bb#e8902f\u00bb custom_padding=\u00bb15px|15px|15px|15px\u00bb text_font=\u00bb|on|||\u00bb text_font_size=\u00bb18&#8243; module_alignment=\u00bbleft\u00bb]<\/p>\n<p>Calendario de producci\u00f3n de Sandias Ralladas<\/p>\n<p>[\/et_pb_text][\/et_pb_column][\/et_pb_row][et_pb_row background_position=\u00bbtop_left\u00bb background_repeat=\u00bbrepeat\u00bb background_size=\u00bbinitial\u00bb][et_pb_column type=\u00bb1_3&#8243;][et_pb_image admin_label=\u00bbSandia rallada\u00bb _builder_version=\u00bb3.0.75&#8243; src=\u00bbhttp:\/\/andalusgp.com\/wp-content\/uploads\/2017\/09\/productos-sandia-rallada-1.jpg\u00bb show_in_lightbox=\u00bboff\u00bb url_new_window=\u00bboff\u00bb use_overlay=\u00bboff\u00bb sticky=\u00bboff\u00bb align=\u00bbleft\u00bb always_center_on_mobile=\u00bbon\u00bb border_style=\u00bbsolid\u00bb force_fullwidth=\u00bboff\u00bb show_bottom_space=\u00bbon\u00bb \/][\/et_pb_column][et_pb_column type=\u00bb2_3&#8243;][et_pb_divider _builder_version=\u00bb3.0.73&#8243; divider_style=\u00bbsolid\u00bb divider_position=\u00bbtop\u00bb height=\u00bb150&#8243; hide_on_mobile=\u00bbon\u00bb disabled=\u00bboff\u00bb disabled_on=\u00bbon|on|\u00bb \/][et_pb_image _builder_version=\u00bb3.0.75&#8243; src=\u00bbhttp:\/\/andalusgp.com\/wp-content\/uploads\/2017\/09\/calendario-produccion-sandia-rallada.png\u00bb show_in_lightbox=\u00bboff\u00bb url_new_window=\u00bboff\u00bb use_overlay=\u00bboff\u00bb sticky=\u00bboff\u00bb align=\u00bbcenter\u00bb always_center_on_mobile=\u00bbon\u00bb border_style=\u00bbsolid\u00bb force_fullwidth=\u00bboff\u00bb show_bottom_space=\u00bbon\u00bb \/][\/et_pb_column][\/et_pb_row][et_pb_row background_position=\u00bbtop_left\u00bb background_repeat=\u00bbrepeat\u00bb background_size=\u00bbinitial\u00bb][et_pb_column type=\u00bb4_4&#8243;][et_pb_divider _builder_version=\u00bb3.0.75&#8243; show_divider=\u00bbon\u00bb color=\u00bb#f3f3f3&#8243; divider_style=\u00bbsolid\u00bb divider_position=\u00bbtop\u00bb hide_on_mobile=\u00bbon\u00bb disabled_on=\u00bboff|off|off\u00bb disabled=\u00bboff\u00bb \/][\/et_pb_column][\/et_pb_row][et_pb_row background_position=\u00bbtop_left\u00bb background_repeat=\u00bbrepeat\u00bb background_size=\u00bbinitial\u00bb][et_pb_column type=\u00bb4_4&#8243;][et_pb_text _builder_version=\u00bb3.0.75&#8243; background_layout=\u00bbdark\u00bb border_style=\u00bbsolid\u00bb background_color=\u00bb#e8902f\u00bb custom_padding=\u00bb15px|15px|15px|15px\u00bb text_font=\u00bb|on|||\u00bb text_font_size=\u00bb18&#8243; module_alignment=\u00bbleft\u00bb]<\/p>\n<p>Calendario de producci\u00f3n de Melones Amarillos<\/p>\n<p>[\/et_pb_text][\/et_pb_column][\/et_pb_row][et_pb_row background_position=\u00bbtop_left\u00bb background_repeat=\u00bbrepeat\u00bb background_size=\u00bbinitial\u00bb][et_pb_column type=\u00bb1_3&#8243;][et_pb_image admin_label=\u00bbMel\u00f3n amarillo\u00bb _builder_version=\u00bb3.0.75&#8243; src=\u00bbhttp:\/\/andalusgp.com\/wp-content\/uploads\/2017\/09\/productos-melones-amarillo.jpg\u00bb show_in_lightbox=\u00bboff\u00bb url_new_window=\u00bboff\u00bb use_overlay=\u00bboff\u00bb sticky=\u00bboff\u00bb align=\u00bbleft\u00bb always_center_on_mobile=\u00bbon\u00bb border_style=\u00bbsolid\u00bb force_fullwidth=\u00bboff\u00bb show_bottom_space=\u00bbon\u00bb \/][\/et_pb_column][et_pb_column type=\u00bb2_3&#8243;][et_pb_divider _builder_version=\u00bb3.0.73&#8243; divider_style=\u00bbsolid\u00bb divider_position=\u00bbtop\u00bb height=\u00bb150&#8243; hide_on_mobile=\u00bbon\u00bb disabled=\u00bboff\u00bb disabled_on=\u00bbon|on|\u00bb \/][et_pb_image _builder_version=\u00bb3.0.75&#8243; src=\u00bbhttp:\/\/andalusgp.com\/wp-content\/uploads\/2017\/09\/calendario-produccion-meama.png\u00bb show_in_lightbox=\u00bboff\u00bb url_new_window=\u00bboff\u00bb use_overlay=\u00bboff\u00bb sticky=\u00bboff\u00bb align=\u00bbcenter\u00bb always_center_on_mobile=\u00bbon\u00bb border_style=\u00bbsolid\u00bb force_fullwidth=\u00bboff\u00bb show_bottom_space=\u00bbon\u00bb \/][\/et_pb_column][\/et_pb_row][et_pb_row background_position=\u00bbtop_left\u00bb background_repeat=\u00bbrepeat\u00bb background_size=\u00bbinitial\u00bb][et_pb_column type=\u00bb4_4&#8243;][et_pb_divider _builder_version=\u00bb3.0.75&#8243; show_divider=\u00bbon\u00bb color=\u00bb#f3f3f3&#8243; divider_style=\u00bbsolid\u00bb divider_position=\u00bbtop\u00bb hide_on_mobile=\u00bbon\u00bb disabled_on=\u00bboff|off|off\u00bb disabled=\u00bboff\u00bb \/][\/et_pb_column][\/et_pb_row][et_pb_row background_position=\u00bbtop_left\u00bb background_repeat=\u00bbrepeat\u00bb background_size=\u00bbinitial\u00bb][et_pb_column type=\u00bb4_4&#8243;][et_pb_text _builder_version=\u00bb3.0.75&#8243; background_layout=\u00bbdark\u00bb border_style=\u00bbsolid\u00bb background_color=\u00bb#e8902f\u00bb custom_padding=\u00bb15px|15px|15px|15px\u00bb text_font=\u00bb|on|||\u00bb text_font_size=\u00bb18&#8243; module_alignment=\u00bbleft\u00bb]<\/p>\n<p>Calendario de producci\u00f3n de Melones Piel de Sapo<\/p>\n<p>[\/et_pb_text][\/et_pb_column][\/et_pb_row][et_pb_row background_position=\u00bbtop_left\u00bb background_repeat=\u00bbrepeat\u00bb background_size=\u00bbinitial\u00bb][et_pb_column type=\u00bb1_3&#8243;][et_pb_image admin_label=\u00bbMel\u00f3n piel de sapo\u00bb _builder_version=\u00bb3.0.75&#8243; src=\u00bbhttp:\/\/andalusgp.com\/wp-content\/uploads\/2017\/09\/productos-melones-sapo.jpg\u00bb show_in_lightbox=\u00bboff\u00bb url_new_window=\u00bboff\u00bb use_overlay=\u00bboff\u00bb sticky=\u00bboff\u00bb align=\u00bbleft\u00bb always_center_on_mobile=\u00bbon\u00bb border_style=\u00bbsolid\u00bb force_fullwidth=\u00bboff\u00bb show_bottom_space=\u00bbon\u00bb \/][\/et_pb_column][et_pb_column type=\u00bb2_3&#8243;][et_pb_divider _builder_version=\u00bb3.0.73&#8243; divider_style=\u00bbsolid\u00bb divider_position=\u00bbtop\u00bb height=\u00bb150&#8243; hide_on_mobile=\u00bbon\u00bb disabled=\u00bboff\u00bb disabled_on=\u00bbon|on|\u00bb \/][et_pb_image _builder_version=\u00bb3.0.75&#8243; src=\u00bbhttp:\/\/andalusgp.com\/wp-content\/uploads\/2017\/09\/calendario-produccion-melon.png\u00bb show_in_lightbox=\u00bboff\u00bb url_new_window=\u00bboff\u00bb use_overlay=\u00bboff\u00bb sticky=\u00bboff\u00bb align=\u00bbcenter\u00bb always_center_on_mobile=\u00bbon\u00bb border_style=\u00bbsolid\u00bb force_fullwidth=\u00bboff\u00bb show_bottom_space=\u00bbon\u00bb \/][\/et_pb_column][\/et_pb_row][\/et_pb_section]<\/p>\n","protected":false},"excerpt":{"rendered":"<p>Calendario de producci\u00f3n de Sandias Negras Calendario de producci\u00f3n de Sandias Ralladas Calendario de producci\u00f3n de Melones Amarillos Calendario de producci\u00f3n de Melones Piel de Sapo<\/p>\n","protected":false},"author":1,"featured_media":0,"parent":116,"menu_order":0,"comment_status":"closed","ping_status":"closed","template":"","meta":{"_et_pb_use_builder":"on","_et_pb_old_content":"","_et_gb_content_width":""},"_links":{"self":[{"href":"http:\/\/www.andalusgp.com\/es\/wp-json\/wp\/v2\/pages\/266"}],"collection":[{"href":"http:\/\/www.andalusgp.com\/es\/wp-json\/wp\/v2\/pages"}],"about":[{"href":"http:\/\/www.andalusgp.com\/es\/wp-json\/wp\/v2\/types\/page"}],"author":[{"embeddable":true,"href":"http:\/\/www.andalusgp.com\/es\/wp-json\/wp\/v2\/users\/1"}],"replies":[{"embeddable":true,"href":"http:\/\/www.andalusgp.com\/es\/wp-json\/wp\/v2\/comments?post=266"}],"version-history":[{"count":5,"href":"http:\/\/www.andalusgp.com\/es\/wp-json\/wp\/v2\/pages\/266\/revisions"}],"predecessor-version":[{"id":588,"href":"http:\/\/www.andalusgp.com\/es\/wp-json\/wp\/v2\/pages\/266\/revisions\/588"}],"up":[{"embeddable":true,"href":"http:\/\/www.andalusgp.com\/es\/wp-json\/wp\/v2\/pages\/116"}],"wp:attachment":[{"href":"http:\/\/www.andalusgp.com\/es\/wp-json\/wp\/v2\/media?parent=266"}],"curies":[{"name":"wp","href":"https:\/\/api.w.org\/{rel}","templated":true}]}}

<p>[et_pb_section bb_built=»1&#8243; fullwidth=»off» specialty=»off»][et_pb_row background_position=»top_left» background_repeat=»repeat» background_size=»initial»][et_pb_column type=»4_4&#8243;][et_pb_text _builder_version=»3.0.75&#8243; background_layout=»dark» border_style=»solid» background_color=»#e8902f» custom_padding=»15px|15px|15px|15px» text_font=»|on|||» text_font_size=»18&#8243; module_alignment=»left»]</p>
<p>Calendario de producción de Sandias Negras</p>
<p>[/et_pb_text][/et_pb_column][/et_pb_row][et_pb_row background_position=»top_left» background_repeat=»repeat» background_size=»initial»][et_pb_column type=»1_3&#8243;][et_pb_image admin_label=»Sandia negra» _builder_version=»3.0.75&#8243; src=»http://andalusgp.com/wp-content/uploads/2017/09/productos-sandia-negra.jpg» show_in_lightbox=»off» url_new_window=»off» use_overlay=»off» sticky=»off» align=»left» always_center_on_mobile=»on» border_style=»solid» force_fullwidth=»off» show_bottom_space=»on» /][/et_pb_column][et_pb_column type=»2_3&#8243;][et_pb_divider _builder_version=»3.0.73&#8243; divider_style=»solid» divider_position=»top» height=»150&#8243; hide_on_mobile=»on» disabled=»off» disabled_on=»on|on|» /][et_pb_image _builder_version=»3.0.75&#8243; src=»http://andalusgp.com/wp-content/uploads/2017/09/calendario-produccion-sandia-negra.png» show_in_lightbox=»off» url_new_window=»off» use_overlay=»off» sticky=»off» align=»center» always_center_on_mobile=»on» border_style=»solid» force_fullwidth=»off» show_bottom_space=»on» /][/et_pb_column][/et_pb_row][et_pb_row background_position=»top_left» background_repeat=»repeat» background_size=»initial»][et_pb_column type=»4_4&#8243;][et_pb_divider _builder_version=»3.0.75&#8243; show_divider=»on» color=»#f3f3f3&#8243; divider_style=»solid» divider_position=»top» hide_on_mobile=»on» disabled_on=»off|off|off» disabled=»off» /][/et_pb_column][/et_pb_row][et_pb_row background_position=»top_left» background_repeat=»repeat» background_size=»initial»][et_pb_column type=»4_4&#8243;][et_pb_text _builder_version=»3.0.75&#8243; background_layout=»dark» border_style=»solid» background_color=»#e8902f» custom_padding=»15px|15px|15px|15px» text_font=»|on|||» text_font_size=»18&#8243; module_alignment=»left»]</p>
<p>Calendario de producción de Sandias Ralladas</p>
<p>[/et_pb_text][/et_pb_column][/et_pb_row][et_pb_row background_position=»top_left» background_repeat=»repeat» background_size=»initial»][et_pb_column type=»1_3&#8243;][et_pb_image admin_label=»Sandia rallada» _builder_version=»3.0.75&#8243; src=»http://andalusgp.com/wp-content/uploads/2017/09/productos-sandia-rallada-1.jpg» show_in_lightbox=»off» url_new_window=»off» use_overlay=»off» sticky=»off» align=»left» always_center_on_mobile=»on» border_style=»solid» force_fullwidth=»off» show_bottom_space=»on» /][/et_pb_column][et_pb_column type=»2_3&#8243;][et_pb_divider _builder_version=»3.0.73&#8243; divider_style=»solid» divider_position=»top» height=»150&#8243; hide_on_mobile=»on» disabled=»off» disabled_on=»on|on|» /][et_pb_image _builder_version=»3.0.75&#8243; src=»http://andalusgp.com/wp-content/uploads/2017/09/calendario-produccion-sandia-rallada.png» show_in_lightbox=»off» url_new_window=»off» use_overlay=»off» sticky=»off» align=»center» always_center_on_mobile=»on» border_style=»solid» force_fullwidth=»off» show_bottom_space=»on» /][/et_pb_column][/et_pb_row][et_pb_row background_position=»top_left» background_repeat=»repeat» background_size=»initial»][et_pb_column type=»4_4&#8243;][et_pb_divider _builder_version=»3.0.75&#8243; show_divider=»on» color=»#f3f3f3&#8243; divider_style=»solid» divider_position=»top» hide_on_mobile=»on» disabled_on=»off|off|off» disabled=»off» /][/et_pb_column][/et_pb_row][et_pb_row background_position=»top_left» background_repeat=»repeat» background_size=»initial»][et_pb_column type=»4_4&#8243;][et_pb_text _builder_version=»3.0.75&#8243; background_layout=»dark» border_style=»solid» background_color=»#e8902f» custom_padding=»15px|15px|15px|15px» text_font=»|on|||» text_font_size=»18&#8243; module_alignment=»left»]</p>
<p>Calendario de producción de Melones Amarillos</p>
<p>[/et_pb_text][/et_pb_column][/et_pb_row][et_pb_row background_position=»top_left» background_repeat=»repeat» background_size=»initial»][et_pb_column type=»1_3&#8243;][et_pb_image admin_label=»Melón amarillo» _builder_version=»3.0.75&#8243; src=»http://andalusgp.com/wp-content/uploads/2017/09/productos-melones-amarillo.jpg» show_in_lightbox=»off» url_new_window=»off» use_overlay=»off» sticky=»off» align=»left» always_center_on_mobile=»on» border_style=»solid» force_fullwidth=»off» show_bottom_space=»on» /][/et_pb_column][et_pb_column type=»2_3&#8243;][et_pb_divider _builder_version=»3.0.73&#8243; divider_style=»solid» divider_position=»top» height=»150&#8243; hide_on_mobile=»on» disabled=»off» disabled_on=»on|on|» /][et_pb_image _builder_version=»3.0.75&#8243; src=»http://andalusgp.com/wp-content/uploads/2017/09/calendario-produccion-meama.png» show_in_lightbox=»off» url_new_window=»off» use_overlay=»off» sticky=»off» align=»center» always_center_on_mobile=»on» border_style=»solid» force_fullwidth=»off» show_bottom_space=»on» /][/et_pb_column][/et_pb_row][et_pb_row background_position=»top_left» background_repeat=»repeat» background_size=»initial»][et_pb_column type=»4_4&#8243;][et_pb_divider _builder_version=»3.0.75&#8243; show_divider=»on» color=»#f3f3f3&#8243; divider_style=»solid» divider_position=»top» hide_on_mobile=»on» disabled_on=»off|off|off» disabled=»off» /][/et_pb_column][/et_pb_row][et_pb_row background_position=»top_left» background_repeat=»repeat» background_size=»initial»][et_pb_column type=»4_4&#8243;][et_pb_text _builder_version=»3.0.75&#8243; background_layout=»dark» border_style=»solid» background_color=»#e8902f» custom_padding=»15px|15px|15px|15px» text_font=»|on|||» text_font_size=»18&#8243; module_alignment=»left»]</p>
<p>Calendario de producción de Melones Piel de Sapo</p>
<p>[/et_pb_text][/et_pb_column][/et_pb_row][et_pb_row background_position=»top_left» background_repeat=»repeat» background_size=»initial»][et_pb_column type=»1_3&#8243;][et_pb_image admin_label=»Melón piel de sapo» _builder_version=»3.0.75&#8243; src=»http://andalusgp.com/wp-content/uploads/2017/09/productos-melones-sapo.jpg» show_in_lightbox=»off» url_new_window=»off» use_overlay=»off» sticky=»off» align=»left» always_center_on_mobile=»on» border_style=»solid» force_fullwidth=»off» show_bottom_space=»on» /][/et_pb_column][et_pb_column type=»2_3&#8243;][et_pb_divider _builder_version=»3.0.73&#8243; divider_style=»solid» divider_position=»top» height=»150&#8243; hide_on_mobile=»on» disabled=»off» disabled_on=»on|on|» /][et_pb_image _builder_version=»3.0.75&#8243; src=»http://andalusgp.com/wp-content/uploads/2017/09/calendario-produccion-melon.png» show_in_lightbox=»off» url_new_window=»off» use_overlay=»off» sticky=»off» align=»center» always_center_on_mobile=»on» border_style=»solid» force_fullwidth=»off» show_bottom_space=»on» /][/et_pb_column][/et_pb_row][/et_pb_section]</p>

<p>Calendario de producción de Sandias Negras Calendario de producción de Sandias Ralladas Calendario de producción de Melones Amarillos Calendario de producción de Melones Piel de Sapo</p>
